?
109
Let l be (5/2)/(17/34). Suppose 10 = l*d, 4*p - 5*p + 3*d = -56. What are the prime factors of p?
2, 31
Suppose 5*i - 3 = 4*h, 0 = 2*h - h - 3. Suppose -5*n - q = -27, i*q - 3 = 3. Let f = 12 + n. List the prime factors of f.
17
Let k = 12732 + -9047. List the prime factors of k.
5, 11, 67
Suppose 5*m + 390 = -4*h, -293 = 5*h - 2*h + 4*m. Let r = h + 152. List the prime factors of r.
3, 19
Let q(b) = -3*b**3 - b**2 - 14*b - 8. List the prime factors of q(-5).
2, 103
Suppose -v + 4*s = 41, v - 2*v - 5*s = 14. Let d = -20 - v. List the prime factors of d.
3
Suppose 5*c - 23 + 7 = -m, -4*m = 4*c. Suppose -p = -c*p + o + 158, 0 = 4*p + 5*o - 198. List the prime factors of p.
2, 13
Suppose 2*o + 3*n = -3*o - 15, -15 = o + 3*n. Let u(l) = l**3 - 2*l + 78. What are the prime factors of u(o)?
2, 3, 13
Let z be 14/12*3*12/2. Suppose z*y - 17*y = 352. What are the prime factors of y?
2, 11
Let l = -31 - -42. Suppose b - 35 = l. What are the prime factors of b?
2, 23
Let j(t) = 3*t + 6. Let o be j(-1). Suppose 0 = 2*b + o*b - 20, -5*b = -2*r + 102. List the prime factors of r.
61
Let o be 26/(-4)*(-16)/(-4). Let u = o + 39. List the prime factors of u.
13
Let w(z) = z**3 + 3*z**2 + 2*z + 1. Suppose 2*a + s + 6 = 2*s, 4*s = -8. Let m be w(a). Let p = -13 - m. What are the prime factors of p?
2, 5
Let i be (3/2)/((-57)/76). What are the prime factors of (185/(-20))/(i/8)?
37
Let b = -24 + 26. Suppose -b*v + 140 = 4*g, 0*v - 5*g + 214 = 3*v. What are the prime factors of v?
2, 3, 13
Let b = 12 + -10. Let n be -2*b + (8 - -2). Suppose -n*k + 165 + 105 = 0. What are the prime factors of k?
3, 5
Let u(h) be the second derivative of 7*h + 3/2*h**3 + 0 + 0*h**2. List the prime factors of u(3).
3
Let s(l) = -590*l + 9. List the prime factors of s(-1).
599
Let a = 51 + 62. Let y = a - 30. List the prime factors of y.
83
Let n be ((-2)/(-5))/(2/10). Suppose n*j + 3*j - 50 = 0. What are the prime factors of j?
2, 5
Let f(t) = 82*t - 98. List the prime factors of f(5).
2, 3, 13
Suppose -4*d + 0*d = -32. Suppose -4*f = d*f - 576. What are the prime factors of f?
2, 3
Let w(v) = 4*v**2 - v. Let r be w(1). Let g(s) = -s**3 + s**2 + 5*s - 3. Let x be g(r). What are the prime factors of ((-92)/x)/((-8)/(-12))?
23
Let p be -128*4*(66/(-48))/(-11). Suppose -3*o - 2*o = 625. Let z = p - o. What are the prime factors of z?
61
Let y = 31 + -30. Suppose 2*g = -p - y, 2*g + 3*p + 9 = -g. Suppose r - 2*w - 11 = 0, 0 = -5*r + g*w - 0*w + 71. What are the prime factors of r?
3, 5
Let p be (-10)/(-30) - 2/(6/(-83)). Suppose -352 = -5*s + m, 3*s - 184 = m + p. List the prime factors of s.
2, 5, 7
Suppose 39 = 3*w - 3*v, -4*w - 3*v = v - 12. Let d be w/(((-3)/(-3))/(-1)). Let t = d + 12. What are the prime factors of t?
2
Let h = -774 - -1528. Suppose 4*f = -2*d - 188 + 512, 5*d - h = 4*f. What are the prime factors of d?
2, 7, 11
Suppose 0 = 4*y - 2*v + 5*v - 13, -2*v = -4*y + 18. Suppose -y*a + 17 + 75 = 0. List the prime factors of a.
23
Suppose 0 = -2*d + 3 + 1, 0 = 2*p + 2*d - 4. Let x be -28 + (1 - (p + 1)). List the prime factors of (-14)/x + 133/2.
67
Let m = -1669 + 1717. What are the prime factors of m?
2, 3
Let n be (-2)/5 + 42/5. Let r = n - 2. Suppose w = -o + 31, -4*o + 3*w - r*w + 126 = 0. What are the prime factors of o?
3, 11
Let p = 11 + -7. Suppose 15 = p*u - u. Suppose -u*k + 3*k = 6, 5*h - 5*k = 175. List the prime factors of h.
2
Let t = 19 - 6. Suppose 8*z + 25 = t*z. Suppose -z*p = -4*i - 98, 3*p + 2*i = 3*i + 56. List the prime factors of p.
2, 3
Suppose -12 = 2*n + 4*v - 158, 2*v = -4*n + 280. What are the prime factors of n?
3, 23
Suppose 24 = 22*g - 16*g. Suppose 2808 = -g*j + 22*j. What are the prime factors of j?
2, 3, 13
Let u = -52 + 78. Let z be 204/u + (-8)/(-52). What are the prime factors of (294/(-9))/(z/(-12))?
7
Suppose 4*s - 764 = 20*x - 17*x, 2*s = 3*x + 382. What are the prime factors of s?
191
Let b(q) = -5*q**3 + 8*q**2 - 15*q - 16. What are the prime factors of b(-6)?
2, 7, 103
Let y = -19 - -19. Suppose w + 6 - 1 = y. What are the prime factors of -15*(-1)/w*-2?
2, 3
List the prime factors of (-1 + 44)*18 - 8.
2, 383
Let v(w) = 5*w**2 + 7*w**2 + 637 - w**3 - w + 7*w - 645. List the prime factors of v(12).
2
Suppose -91 = 2*o - 5*p, -p + 5*p - 164 = 4*o. Let h = o + 41. What are the prime factors of h?
3
Let v = 23 + -14. Suppose -7*s = -v*s. Let t = s - -6. List the prime factors of t.
2, 3
Suppose -5*o = 5, 0*a - 2*o = 4*a - 14. Suppose 2*t - 9 = -2*x + x, a*x + 4*t = 32. What are the prime factors of x?
7
Let w = 8123 + -3324. List the prime factors of w.
4799
List the prime factors of 211 + 9/6*16/24.
2, 53
Suppose 6*m - 124 = -16. List the prime factors of m.
2, 3
Suppose 2*j + 6 = 8. What are the prime factors of (j/(-2))/(1/(-118))?
59
Let h = -947 - -1635. Suppose -216 = 2*l - h. List the prime factors of l.
2, 59
Suppose r - 2*v = -0*r - 357, 0 = 4*r + 4*v + 1452. Let f be r/(-4) + (-3)/12. Suppose -86 = -4*b + f. List the prime factors of b.
2, 11
Let f be (-2)/10*-8*5. Let d be (-6)/4*f/(-1). Suppose 0 = 3*x - 5*x + d. What are the prime factors of x?
2, 3
What are the prime factors of (0 - -1 - -583) + (-8 - -14)?
2, 5, 59
Let r = -34 + 58. Suppose 4*n = -3 + 11. Suppose -9 = n*x - 5*l - 54, r = x - 4*l. What are the prime factors of x?
2, 5
Let g(w) = -w**3 + w**2 + w - 1. Let a(m) = 9*m**3 - 3*m**2 - 4*m + 2. Let o(t) = a(t) + 2*g(t). List the prime factors of o(2).
2, 3
Let y(r) = 11*r + 6 + 5 + 2. Let k(b) = b - 1. Let w(v) = -6*k(v) - y(v). List the prime factors of w(-3).
2, 11
Suppose -1 - 5 = -3*b. Suppose -a = b*a - 204. What are the prime factors of a?
2, 17
Let g = 5300 - 3056. List the prime factors of g.
2, 3, 11, 17
Let g be 24/(-1)*(-168)/(-4 + 1). List the prime factors of (-3 + (-6)/(-3))/(6/g).
2, 7
Suppose 5*r - 5*a + 0*a + 20 = 0, -4*a + 16 = 0. Let h(g) = r - 2*g + 5 - 3. What are the prime factors of h(-7)?
2
Let f(l) = 2*l**2 + 10*l - 17. List the prime factors of f(14).
5, 103
Let a(x) be the third derivative of x**5/30 - 17*x**4/24 + 11*x**3/3 - 14*x**2. List the prime factors of a(10).
2, 13
Suppose 2*l + 3*l - 41 = 4*d, d = -4. Suppose 0 = -l*x + 3*x + 142. List the prime factors of x.
71
Let j be (-6)/33 + 72/33. Let h(x) = 12*x - x**2 - x**2 - 5 + 4*x**j. List the prime factors of h(-10).
3, 5
Suppose 5*a + 7 + 9 = 3*r, 5*r = 5*a + 20. What are the prime factors of 3*(a - (-43)/3)?
37
Let f = 579 + 103. What are the prime factors of f?
2, 11, 31
Let r = -64 + 69. Suppose -3*p = 4*z - 457, -2*z + r*p = 2*p - 251. List the prime factors of z.
2, 59
Let k be -1 - (-2 - 3 - -1). Suppose 2*s + 6 = 0, k*r - 2*s - s - 99 = 0. Suppose 16*y - r = 13*y. List the prime factors of y.
2, 5
Let u(t) = -264 + 106 - 3*t + 113 + 30*t. What are the prime factors of u(9)?
2, 3, 11
Let b = -262 - -434. Suppose 0*u = -u + z + b, -z + 866 = 5*u. What are the prime factors of u?
173
Let g(k) = k - 2. Let f be 12/(-30) + (-24)/(-10). Let n be g(f). Suppose n = 3*j - 19 - 5. List the prime factors of j.
2
Suppose 0 = -4*t - 6*t + 6740. List the prime factors of t.
2, 337
Suppose 2*f - 8 = -2*l, -3*f = -l + 3 - 7. Suppose 0 = p + p - 16. Let a = f + p. List the prime factors of a.
2, 5
What are the prime factors of ((-187)/(-33) - 5)/(4/8046)?
3, 149
What are the prime factors of 142/1065 + 8878/15?
2, 37
Let b(i) = i**3 - i**2 - 4*i + 6. Let w be (0 - -5)/(-5 - -4). Let y be b(w). What are the prime factors of 2/3 + y/(-12)?
11
Let o(h) = 5*h + 76 - 2*h - h. List the prime factors of o(0).
2, 19
Let s = -12 - -18. Suppose s*f - 7*f + 2 = 0. Suppose -f*u = 2*u - 104. What are the prime factors of u?
2, 13
Let v = -873 - -1312. What are the prime factors of v?
439
Let d(l) = -l**3 + 5*l**2 + 5*l + 13. Let i be d(6). Suppose -2*c = -i - 117. What are the prime factors of c?
2, 31
Let d(y) = -85*y - 464. What are the prime factors of d(-9)?
7, 43
Let w = -40 - -44. Let s = 20 - 12. Suppose -s*l = -w*l - 68. What are the prime factors of l?
17
Let f(s) = 926*s**3 - s**2 - 5*s + 5. List the prime factors of f(1).
5, 37
Let s(z) = z - 5. Let j be s(7). Let h = 28 - 24. Suppose -j = -2*f, f - 129 = -4*x - h*f. List the prime factors of x.
31
Let r = 2 + 3. Suppose -r = -5*m, 5*m + 15 = -5*o - 0*m. Let u(i) = 2*i**2 + 7*i 